{"id":42,"date":"2023-07-07T13:16:54","date_gmt":"2023-07-07T11:16:54","guid":{"rendered":"https:\/\/banov.fara.sk\/cms\/?page_id=42"},"modified":"2026-04-01T09:49:16","modified_gmt":"2026-04-01T07:49:16","slug":"rozpis-umyslov","status":"publish","type":"page","link":"https:\/\/banov.fara.sk\/cms\/rozpis-umyslov\/","title":{"rendered":"Rozpis \u00famyslov"},"content":{"rendered":"\n<p><\/p>\n\n\n\n<p><strong>Rozpis \u00famyslov sv\u00e4t\u00fdch om\u0161\u00ed<\/strong><\/p>\n\n\n\n<p><strong> (<em>Pr\u00edpadn\u00e1 naliehav\u00e1 \u00faprava a zmena \u00famyslov a&nbsp;\u010dasov sv. om\u0161\u00ed je vyhraden\u00e1!<\/em>)<\/strong><\/p>\n\n\n\n<figure class=\"wp-block-table\"><table><tbody><tr><td>&nbsp;<\/td><td>\n<p><strong>apr\u00edl 2026<\/strong><\/p>\n<\/td><\/tr><tr><td>\n<p><strong>1.<\/strong><\/p>\n<\/td><td>\n<p>\u2020 zom. z&nbsp;rodiny Muchovej, Majer\u010d\u00edkovej a&nbsp;ost. zom. pr\u00edb.<\/p>\n<\/td><\/tr><tr><td>\n<p><strong>2.<\/strong><\/p>\n<\/td><td>\n<p>\u2020 Anna Hor\u0148\u00e1kov\u00e1 (30. v\u00fdr.) a&nbsp;man\u017eel Jozef<\/p>\n<\/td><\/tr><tr><td>\n<p><strong>3.<\/strong><\/p>\n<\/td><td>\n<p><em>Obrady<\/em><\/p>\n<\/td><\/tr><tr><td>\n<p><strong>4.<\/strong><\/p>\n<\/td><td>\n<p>Za farn\u00edkov<\/p>\n<\/td><\/tr><tr><td>\n<p><strong>5.<\/strong><\/p>\n<\/td><td>\n<p>\u2460 Po\u010fakovanie za 35 r. man\u017eelstva man\u017eelov Blahov\u00fdch s&nbsp;prosbou o&nbsp;zdr. a&nbsp;Bo\u017e. po\u017e. pre cel\u00fa rodinu<\/p>\n<p>\u2461 \u2020 Karol Valachovi\u010d, man\u017e. Pavl\u00edna, rodi\u010dia Valachovi\u010dov\u00ed a Klobu\u010dn\u00edkov\u00ed<\/p>\n<\/td><\/tr><tr><td>\n<p><strong>6.<\/strong><\/p>\n<\/td><td>\n<p>\u2020 Anna a&nbsp;J\u00e1n \u010celkov\u00ed, dc\u00e9ra, za\u0165ovia a&nbsp;st. rodi\u010dia z&nbsp;ob. str\u00e1n<\/p>\n<\/td><\/tr><tr><td>\n<p><strong>7.<\/strong><\/p>\n<\/td><td>\n<p>xxxxx<\/p>\n<\/td><\/tr><tr><td>\n<p><strong>8.<\/strong><\/p>\n<\/td><td>\n<p>\u2020 Karol Pol\u00e1k, rodi\u010dia Pol\u00e1kov\u00ed, \u0160imunkov\u00ed a&nbsp;ost. zom. pr\u00edb.<\/p>\n<\/td><\/tr><tr><td>\n<p><strong>9.<\/strong><\/p>\n<\/td><td>\n<p>Za \u017eiv\u00fdch a&nbsp;m\u0155tvych \u010dlenov Ru\u017eencov\u00e9ho bratstva v B\u00e1nove<\/p>\n<\/td><\/tr><tr><td>\n<p><strong>10.<\/strong><\/p>\n<\/td><td>\n<p>\u2020 Viliam Kvas\u0148ovsk\u00fd, man\u017e. Katar\u00edna a&nbsp;ost. zom. pr\u00edb.<\/p>\n<\/td><\/tr><tr><td>\n<p><strong>11.<\/strong><\/p>\n<\/td><td>\n<p>\u2020 Em\u00edlia Macekov\u00e1, man\u017e. Jozef, deti, nevesta a&nbsp;st. rodi\u010dia<\/p>\n<\/td><\/tr><tr><td>\n<p><strong>12.<\/strong><\/p>\n<\/td><td>\n<p>\u2460 \u2020 Franti\u0161ka Vanekov\u00e1, man\u017e. Karol a&nbsp;ost. zom. pr\u00edb.<\/p>\n<p>\u2461 Za farn\u00edkov<\/p>\n<\/td><\/tr><tr><td>\n<p><strong>13.<\/strong><\/p>\n<\/td><td>\n<p>xxxxx<\/p>\n<\/td><\/tr><tr><td>\n<p><strong>14.<\/strong><\/p>\n<\/td><td>\n<p>\u2020 Johana a&nbsp;Juraj Klobu\u010dn\u00edkov\u00ed, ich deti a&nbsp;vnuk Rudolf<\/p>\n<\/td><\/tr><tr><td>\n<p><strong>15.<\/strong><\/p>\n<\/td><td>\n<p>\u2020 Jozef Jur\u00edk, man\u017e. J\u00falia a&nbsp;ost. zom. pr\u00edb.<\/p>\n<\/td><\/tr><tr><td>\n<p><strong>16.<\/strong><\/p>\n<\/td><td>\n<p>Za farn\u00edkov<\/p>\n<\/td><\/tr><tr><td>\n<p><strong>17.<\/strong><\/p>\n<\/td><td>\n<p>\u2020 M\u00e1ria V\u04e7r\u04e7sov\u00e1, man\u017e. \u0160tefan, ich deti, vnuk Jozef a&nbsp;rodi\u010dia z&nbsp;ob. str\u00e1n<\/p>\n<\/td><\/tr><tr><td>\n<p><strong>18.<\/strong><\/p>\n<\/td><td>\n<p>\u2020 Jarmila Holkov\u00e1 (50. v\u00fdr.), rodi\u010dia, st. rodi\u010dia z&nbsp;ob. str\u00e1n a&nbsp;ost. zom. pr\u00edb.<\/p>\n<\/td><\/tr><tr><td>\n<p><strong>19.<\/strong><\/p>\n<\/td><td>\n<p>\u2460 \u2020 Imrich Kraj\u010d\u00edr, man\u017eelky, rodi\u010dia Kraj\u010d\u00edrov\u00ed a Kodr\u00edkov\u00ed<\/p>\n<p>\u2461 \u2020 Hugo Sj\u04e7qvist<\/p>\n<\/td><\/tr><tr><td>\n<p><strong>20.<\/strong><\/p>\n<\/td><td>\n<p>xxxxx<\/p>\n<\/td><\/tr><tr><td>\n<p><strong>21.<\/strong><\/p>\n<\/td><td>\n<p>xxxxx<\/p>\n<\/td><\/tr><tr><td>\n<p><strong>22.<\/strong><\/p>\n<\/td><td>\n<p>\u2020 Richard a&nbsp;Monika Bachnov\u00ed a&nbsp;ich rodi\u010dia<\/p>\n<\/td><\/tr><tr><td>\n<p><strong>23.<\/strong><\/p>\n<\/td><td>\n<p>xxxxx<\/p>\n<\/td><\/tr><tr><td>\n<p><strong>24.<\/strong><\/p>\n<\/td><td>\n<p>\u2020 Vojtech Man\u010du\u0161ka (nedo\u017e. 45 r.), Vincent a&nbsp;L\u00fddia Man\u010du\u0161kov\u00ed a&nbsp;st. rodi\u010dia z&nbsp;ob. str\u00e1n<\/p>\n<\/td><\/tr><tr><td>\n<p><strong>25.<\/strong><\/p>\n<\/td><td>\n<p>\u2020 Anton Kraj\u010d\u00edr (1. v\u00fdr., nedo\u017e. 80 r.)<\/p>\n<\/td><\/tr><tr><td>\n<p><strong>26.<\/strong><\/p>\n<\/td><td>\n<p>\u2460 Po\u010fakovanie za 50 r. man\u017eelstva man\u017eelov \u0160imunekov\u00fdch s&nbsp;prosbou o&nbsp;zdr. a&nbsp;Bo\u017e. po\u017e. pre cel\u00fa rodinu<\/p>\n<p>\u2461 Po\u010fakovanie za 40 r. man\u017eelstva man\u017eelov Ryb\u00e1rov\u00fdch s&nbsp;prosbou o&nbsp;zdr. a&nbsp;Bo\u017e. po\u017e. pre cel\u00fa rodinu<\/p>\n<\/td><\/tr><tr><td>\n<p><strong>27.<\/strong><\/p>\n<\/td><td>\n<p>xxxxx<\/p>\n<\/td><\/tr><tr><td>\n<p><strong>28.<\/strong><\/p>\n<\/td><td>\n<p>\u2020 Michal Ohr\u00e1dka, man\u017eelka, rodi\u010dia a deti, svatovci Hralov\u00ed, rodi\u010dia a s\u00farodenci<\/p>\n<\/td><\/tr><tr><td>\n<p><strong>29.<\/strong><\/p>\n<\/td><td>\n<p>\u2020 \u0160tefan \u0160imunek (10. v\u00fdr.), rodi\u010dia \u0160imunkov\u00ed, Maz\u00fachov\u00ed a&nbsp;ost. zom. pr\u00edb.<\/p>\n<\/td><\/tr><tr><td>\n<p><strong>30.<\/strong><\/p>\n<\/td><td>\n<p>\u2020 Ivan Petr\u00e1ni (nedo\u017e. 50 r.)<\/p>\n<\/td><\/tr><\/tbody><\/table><\/figure>\n","protected":false},"excerpt":{"rendered":"<p>Rozpis \u00famyslov sv\u00e4t\u00fdch om\u0161\u00ed (Pr\u00edpadn\u00e1 naliehav\u00e1 \u00faprava a zmena \u00famyslov a&nbsp;\u010dasov sv. om\u0161\u00ed je vyhraden\u00e1!) &nbsp; apr\u00edl 2026 1. \u2020 zom. z&nbsp;rodiny Muchovej, Majer\u010d\u00edkovej a&nbsp;ost. zom. pr\u00edb. 2. \u2020 Anna Hor\u0148\u00e1kov\u00e1 (30. v\u00fdr.) a&nbsp;man\u017eel Jozef<span class=\"more-dots\">&#8230;<\/span><\/p>\n","protected":false},"author":1,"featured_media":0,"parent":0,"menu_order":0,"comment_status":"closed","ping_status":"closed","template":"","meta":{"ngg_post_thumbnail":0,"footnotes":""},"_links":{"self":[{"href":"https:\/\/banov.fara.sk\/cms\/wp-json\/wp\/v2\/pages\/42"}],"collection":[{"href":"https:\/\/banov.fara.sk\/cms\/wp-json\/wp\/v2\/pages"}],"about":[{"href":"https:\/\/banov.fara.sk\/cms\/wp-json\/wp\/v2\/types\/page"}],"author":[{"embeddable":true,"href":"https:\/\/banov.fara.sk\/cms\/wp-json\/wp\/v2\/users\/1"}],"replies":[{"embeddable":true,"href":"https:\/\/banov.fara.sk\/cms\/wp-json\/wp\/v2\/comments?post=42"}],"version-history":[{"count":43,"href":"https:\/\/banov.fara.sk\/cms\/wp-json\/wp\/v2\/pages\/42\/revisions"}],"predecessor-version":[{"id":1344,"href":"https:\/\/banov.fara.sk\/cms\/wp-json\/wp\/v2\/pages\/42\/revisions\/1344"}],"wp:attachment":[{"href":"https:\/\/banov.fara.sk\/cms\/wp-json\/wp\/v2\/media?parent=42"}],"curies":[{"name":"wp","href":"https:\/\/api.w.org\/{rel}","templated":true}]}}